of -11*n**7/5040 + n**6/720 - n**5/60 - 4*n**2. Let v(m) be the third derivative of i(m). What is v(r)?
12
Suppose 0 = -4*c - 10 + 22. Let m(k) be the third derivative of k**4/6 - 2*k**3/3 - 2*k**2. Give m(c).
8
Let x be 2*-2 - (-3 + 2). Let i be x/3*1 + 3. Let r(u) = 0*u**i + u**2 + 6 + 0 + 0 + 5*u. What is r(-5)?
6
Let u(w) = -w**2 + 2*w + 6. Let d be u(4). Let v(q) = q**2 + q + 1. Let k be v(-2). Let r(y) = -k*y + y - 1 - y**2 - 2. What is r(d)?
-3
Let c(k) = -3*k + 5. Let a(q) = 3*q - 6. Let o(y) = -3*a(y) - 4*c(y). Determine o(3).
7
Let t(p) be the third derivative of -2/3*p**3 + 7/24*p**4 + 0 + 2*p**2 - 1/30*p**5 + 0*p. What is t(4)?
-8
Let v(z) = z**3 + 2 - 2*z**3 - 9*z + 0*z**3 + 10*z**2. Let s be v(9). Let d(n) = -n + 4*n + s*n - 1. Give d(1).
4
Let l(a) = -3*a + 69. Let o be l(25). Let c(j) = -j**3 - j**2 + j. Let h(m) = 2*m**3 - 2*m**2 + 3*m - 5. Let g(b) = 3*c(b) + h(b). Give g(o).
-5
Let o(a) = a - 4. Let r(s) = -s**3 + 5*s**2 - s + 6. Suppose 0*v - 4*v = -20. Let c be r(v). Let i be 44/(-16) + c/(-4). Determine o(i).
-7
Let n(y) = y**3 - y - 1. Let r(t) be the first derivative of -t**3/3 + 2*t**2 + 7*t - 8. Let s be r(5). Determine n(s).
5
Let b = -16 - -11. Let y(d) = -d**2 - 6*d + 5. Give y(b).
10
Let w(x) = x**2 - 16*x + 10. Let i be w(15). Let s(f) = -f**3 - 5*f**2 - f - 2. Give s(i).
3
Let o(j) = -j - 4. Let y be o(-10). Let q(u) be the third derivative of u**4/12 - u**3/6 + 14*u**2. Determine q(y).
11
Let s be 70/(-7) - (0 + -4). Let l = s + 12. Let k(w) = w**2 - 7*w + 2. Give k(l).
-4
Let k(q) = -8*q**3 - q**2 - q - 1. Let s(y) = -y**3 - 4*y**2 + 2*y - 5. Let z be s(-5). Let d be (-6)/10 + (-4)/z. Determine k(d).
7
Let f(q) be the third derivative of q**7/840 - q**4/8 + q**3/6 - q**2. Let m(a) be the first derivative of f(a). Determine m(0).
-3
Let r(v) = 19*v - 13. Let l(u) = -3*u + 2. Let n(o) = 39*l(o) + 6*r(o). Determine n(2).
-6
Suppose -3*q + 14 = -2*q - 3*z, 4*z = -3*q - 10. Let o(v) = v**3 - 3*v**2 + 2*v - 2. Calculate o(q).
-2
Let y(g) = 0*g - 5*g + 2*g**2 - g**2 - 2. Suppose -2 = o - 0, -3*o = -2*w + 16. What is y(w)?
-2
Let h(y) be the first derivative of -5*y**2 + y + 2. What is h(-1)?
11
Let r be (-3)/3*(-6 + 1). Let z(d) = -d**3 + 5*d**2 + 2*d - 2. Give z(r).
8
Let q = 10 + -9. Let z(g) = 1 - g - 3*g**3 - g**2 + 2*g**3 - 2*g**3. Calculate z(q).
-4
Let w be -2 + (-10 - -2)/(-2). Suppose 6*i = w*i + 12. Let v(u) = -u**3 + 7*u**2 + 2*u - 4 + 1 + u - 4*u**2. Give v(i).
6
Let v be -1 + 2 + (-4)/2. Let i(w) be the first derivative of -w**4/2 + 2*w**3/3 + w**2 + w + 1. Give i(v).
3
Let t(y) be the second derivative of 3*y**5/20 - y**4/6 - y**3/6 + 11*y. Give t(-1).
-4
Suppose 5*g - 3*g + 4*r - 8 = 0, 32 = -5*g + 3*r. Let b(p) = -p**3 - 5*p**2 - 5*p - 1. What is b(g)?
3
Suppose 0 = -0*g + 3*g. Suppose -2*r + 1 = 3*m, 2*r + g + 2 = -2*m. Let k(b) be the second derivative of b**3/3 + b**2/2 + b. What is k(m)?
7
Let j = 10 + -3. Let b(w) = w**3 + w**2 + j*w**2 - 6 - 3*w**2. Give b(-5).
-6
Let o(j) = -4*j**3 - 8*j**2 - 24*j + 6. Let y(m) = -3*m**3 - 5*m**2 - 16*m + 4. Let i(u) = 5*o(u) - 7*y(u). Calculate i(6).
-10
Let i(f) = 3*f. Let r(d) = d + 1. Let q(x) = -i(x) + 2*r(x). Determine q(9).
-7
Let j(d) = d. Let w(v) = 7*v - 2. Let h(k) = 6*j(k) - w(k). Give h(3).
-1
Let n(m) = -5*m**3 - m**2 - m + 1. Let v(l) = -l**3 + 2*l**2 + 4*l - 2. Let p = -1 - -4. Let k be v(p). Determine n(k).
-6
Let a(q) = 3*q + 4. Let c be a(-4). Let x(j) = -11*j**3 + 20*j**2 + 7*j - 29. Let i(t) = 4*t**3 - 7*t**2 - 2*t + 10. Let v(s) = c*i(s) - 3*x(s). Give v(5).
7
Let t(w) = -7*w**2 + 2*w - 6. Let s(k) = -3*k**2 + k - 3. Let r(x) = 5*s(x) - 2*t(x). Calculate r(0).
-3
Let x(h) = -5*h + 3. Let m(p) = -2*p + 2. Let o be m(5). Let i be (-72)/(-39) + o/(-52). Calculate x(i).
-7
Let s(p) = -2*p + 5. Suppose -3*q - 1 = 5*k, 3*q - 3*k = k - 10. Let y be (-13)/q - (-5)/(-10). Determine s(y).
-7
Let z(j) = -j**3 + 6*j**2 + 2*j - 7. Let v(t) = -8*t**2 - t. Let d be v(1). Let m = d + 15. Determine z(m).
5
Let z(j) be the second derivative of -j**5/5 - j**2/2 + 12*j. What is z(1)?
-5
Let t(h) = h**3 - 14*h**2 + 3. Let b be t(14). Let o(m) = -m**2 + 4*m - 1. Determine o(b).
2
Let n(w) = 4*w**3 + w**2 + w - 1. Suppose 5*p + 16 + 19 = 0. Let h = 8 + p. What is n(h)?
5
Let k(s) = s + 6. Suppose -m - 2*m = z + 8, -2*z = 2*m + 12. Let n be k(z). Let a(g) = -11*g**3 + g**2 + g - 1. What is a(n)?
-10
Let a(r) be the second derivative of r**3/6 - r**2/2 - 7*r. Let m be 2/(-7) + 10/35. What is a(m)?
-1
Suppose 15 = 18*f - 13*f. Let s(z) = 0*z - 2 + z**2 + 3 - z. What is s(f)?
7
Suppose 0 = x + c + 3 + 2, -3*c + 6 = -4*x. Let f(v) = -v**2 - 2*v + 3. What is f(x)?
0
Let n(x) = -3*x**2 - 7*x**3 + 3 - x**3 + 7*x**3 + x. Give n(-3).
0
Let c(t) = -3*t**3 + 3*t**2 - t. Let n(g) = g**3 - g**2. Let o(f) = -c(f) - n(f). What is o(1)?
1
Let q(r) be the first derivative of -13*r**2/2 - r + 10. What is q(-1)?
12
Let i(m) = -m**3 + 6*m**2 - 11*m - 9. Let j(y) = 3*y**3 - 19*y**2 + 32*y + 26. Let h(p) = -8*i(p) - 3*j(p). Calculate h(8).
-6
Let x = 123 - 124. Let n(b) = -9*b. Calculate n(x).
9
Let a(h) be the third derivative of -h**4/12 - h**3/3 - h**2. Suppose 2*o = -5*o - 28. What is a(o)?
6
Let d(i) = 3*i**2 + 20*i**3 - 19*i**3 - 2 + 8*i**2. Determine d(-11).
-2
Let x(r) = -3 + 5 + 2*r + 4 - 8. Calculate x(-2).
-6
Let d = 7 + -3. Let w = -56 - -58. Let p(r) = -d + 2*r**w + 8 - r**2 - 2*r**2. Determine p(-3).
-5
Let w = 2 - 5. Let d(a) = 3*a - 8*a - 2 + a + 1 - a**2. Give d(w).
2
Let x(j) = 4*j - 4*j - 3*j + 4*j + 2. Give x(-6).
-4
Let l(r) = r**3 - 7*r**2 + 2*r - 9. Let y be l(7). Let f(b) = b**2 - 6*b + 1. Calculate f(y).
-4
Let g(h) = -1100 - 2*h + 1095 + 0*h**3 - h**3 - 7*h**2. Give g(-7).
9
Let g(k) = -k - 5. Suppose 1 = t - 2. Suppose 2*s + t = -5. What is g(s)?
-1
Let h(s) = 6*s + s**2 - 8*s + 2*s**2. Determine h(2).
8
Let w(q) = -q + 1. Let y(s) = -11*s + 30. Let k(r) = 3*w(r) + y(r). Let m(i) = 5*i - 11. Let j(l) = -4*k(l) - 11*m(l). What is j(6)?
-5
Let m be ((-8)/(-20))/((-8)/(-100)). Let u(w) = -3*w - 10. Let b(j) = -4*j - 15. Suppose 2*d = 2 + 8. Let v(f) = d*b(f) - 7*u(f). What is v(m)?
0
Let n(g) = 2*g**2 + 5*g - 2. Suppose 0 = y - 5*b + 24, -y + 4*b - 8 = 12. Determine n(y).
10
Suppose -5*a + a - 60 = 0. Let n = 9 + a. Let b(j) = -2*j + 12. Let u(z) = 3*z - 23. Let k(d) = -5*b(d) - 3*u(d). Calculate k(n).
3
Let o(u) = 2*u**2 - 5*u - 2. Suppose w = -0*p + 5*p - 118, p - 4*w = 35. Suppose -3*b = -2*t - p, 20 = -0*b + 4*b. Let j be (-1 - 1)*t/2. Give o(j).
10
Let s(q) = -q**3 + 6*q**2 + q - 6. Let m be s(6). Let u(f) = -4 - 5*f**2 + m*f**2 + 7*f + 4*f**2. Determine u(5).
6
Let f(j) = -2*j**3 - j**2 - j. Let r = 3 - 4. Let z be f(r). Let q(u) = -z + u - u**3 + 1 + 4*u**2 + 2*u**3. Give q(-3).
5
Let i(g) = g**2. Suppose 0 = 4*u - d + 1, -3*d + 8 = 3*u - 2*d. Determine i(u).
1
Let x = -61 - -60. Let c(f) = 4 - 2 - f - 3 - 3*f**2. Give c(x).
-3
Let s = -3 + 2. Let a(k) = 1. Let u(z) = -6*z + 7. Let i(b) = 6*a(b) - u(b). Calculate i(s).
-7
Let h(r) be the third derivative of r**4/24 + r**3/3 + 5*r**2. Suppose -8*v + 18 = 66. What is h(v)?
-4
Let b(a) = 3*a**2 - 2*a - 4. Let y(k) = 8*k**2 - 5*k - 12. Let s(r) = -11*b(r) + 4*y(r). Give s(3).
-7
Let r = -3 + -3. Let m(s) = -s**3 - 6*s**2 + 2*s + 6. Calculate m(r).
-6
Let v(s) = -5*s**2 - 7*s - 4. Let w(u) = -9*u**2 - 13*u - 9. Let m be ((-176)/(-24))/(2/3). Let j(r) = m*v(r) - 6*w(r). What is j(0)?
10
Let u(r) be the first derivative of r**4/4 - 7*r**3/3 + 3*r**2 - 5*r + 2. Calculate u(6).
-5
Let b(u) = u**3 - 2*u**2 - 2*u + 2. Let m be b(3). Let c(v) be the first derivative of -1/2*v**2 - 2*v + 1. Determine c(m).
-7
Let z be (-35)/14*(1 + -3). Let a(f) be the third derivative of 0*f + 1/12*f**4 + 1/6*f**3 - 1/60*f**z + 0 + 2*f**2. Determine a(2).
1
Suppose 10 = 5*w - 5*j, 0 + 8 = 5*w - 3*j. Let n(r) be the second derivative of -r**5/10 + r**4/12 - r**2/2 + 13*r. Calculate n(w).
-2
Suppose 7*j - 2*j - 144 = -4*w, 2*w - 2 = 0. Suppose -2*i - i = -5*l - j, l + 2*i = -3. Let q(t) = t**3 + 5*t**2 + 3*t + 6. Give q(l).
-9
Suppose -2*m - 7 - 1 = 0. Let p(w) = -w**3 - 6*w**2 - 5*w + 4. Determine p(m).
-8
Let w(k) = -k + 5. Let b be w(5). Suppose b = -5*m - 4*f - 1 - 1, 2*m - f = -6. Let u(p) = -4*p - 3. Calculate u(m).
5
Suppo